{"id":103,"date":"2014-04-03T16:53:09","date_gmt":"2014-04-03T16:53:09","guid":{"rendered":"http:\/\/dorfchilbi-nb.ch\/?page_id=103"},"modified":"2023-07-28T06:45:49","modified_gmt":"2023-07-28T06:45:49","slug":"unser-angebot","status":"publish","type":"page","link":"https:\/\/dorfchilbi-nb.ch\/?page_id=103","title":{"rendered":"Unser Angebot"},"content":{"rendered":"<p><strong>Unsere Dorfchilbi bietet ein grosses Angebot an verschiedenen St\u00fcblis, einer Bar sowie diversen Marktst\u00e4nden und einem Lunapark.<\/strong><\/p>\n<p><a href=\"http:\/\/dorfchilbi-nb.ch\/?page_id=591\">Unihockey Unschlag-Bar<\/a><\/p>\n<p><a href=\"http:\/\/dorfchilbi-nb.ch\/?page_id=533\">Bierschwemme<\/a><\/p>\n<p><a href=\"http:\/\/dorfchilbi-nb.ch\/?page_id=554\">Bierwagen<\/a><\/p>\n<p><a href=\"http:\/\/dorfchilbi-nb.ch\/?page_id=562\">Fischstube<\/a><\/p>\n<p><a href=\"http:\/\/dorfchilbi-nb.ch\/?page_id=566\">Jugenddisco<\/a><\/p>\n<p><a href=\"http:\/\/dorfchilbi-nb.ch\/?page_id=573\">Kaffeest\u00fcbli<\/a><\/p>\n<p><a href=\"http:\/\/dorfchilbi-nb.ch\/?page_id=578\">Lounge<\/a><\/p>\n<p><a href=\"http:\/\/dorfchilbi-nb.ch\/?page_id=586\">Pizzast\u00fcbli<\/a><\/p>\n<p><a href=\"http:\/\/dorfchilbi-nb.ch\/?page_id=610\">Steakhouse<\/a><\/p>\n<p><a href=\"http:\/\/dorfchilbi-nb.ch\/?page_id=598\">Thaist\u00fcbli<\/a><\/p>\n<p><a href=\"http:\/\/dorfchilbi-nb.ch\/?page_id=589\">Tombola<\/a><\/p>\n","protected":false},"excerpt":{"rendered":"<p>Unsere Dorfchilbi bietet ein grosses Angebot an verschiedenen St\u00fcblis, einer Bar sowie diversen Marktst\u00e4nden und einem Lunapark. Unihockey Unschlag-Bar Bierschwemme Bierwagen Fischstube Jugenddisco Kaffeest\u00fcbli Lounge Pizzast\u00fcbli Steakhouse Thaist\u00fcbli Tombola<\/p>\n","protected":false},"author":1,"featured_media":0,"parent":0,"menu_order":0,"comment_status":"open","ping_status":"open","template":"","meta":{"footnotes":""},"class_list":["post-103","page","type-page","status-publish","hentry"],"_links":{"self":[{"href":"https:\/\/dorfchilbi-nb.ch\/index.php?rest_route=\/wp\/v2\/pages\/103","targetHints":{"allow":["GET"]}}],"collection":[{"href":"https:\/\/dorfchilbi-nb.ch\/index.php?rest_route=\/wp\/v2\/pages"}],"about":[{"href":"https:\/\/dorfchilbi-nb.ch\/index.php?rest_route=\/wp\/v2\/types\/page"}],"author":[{"embeddable":true,"href":"https:\/\/dorfchilbi-nb.ch\/index.php?rest_route=\/wp\/v2\/users\/1"}],"replies":[{"embeddable":true,"href":"https:\/\/dorfchilbi-nb.ch\/index.php?rest_route=%2Fwp%2Fv2%2Fcomments&post=103"}],"version-history":[{"count":12,"href":"https:\/\/dorfchilbi-nb.ch\/index.php?rest_route=\/wp\/v2\/pages\/103\/revisions"}],"predecessor-version":[{"id":1327,"href":"https:\/\/dorfchilbi-nb.ch\/index.php?rest_route=\/wp\/v2\/pages\/103\/revisions\/1327"}],"wp:attachment":[{"href":"https:\/\/dorfchilbi-nb.ch\/index.php?rest_route=%2Fwp%2Fv2%2Fmedia&parent=103"}],"curies":[{"name":"wp","href":"https:\/\/api.w.org\/{rel}","templated":true}]}}