{"id":554,"date":"2017-05-21T06:32:20","date_gmt":"2017-05-21T06:32:20","guid":{"rendered":"http:\/\/dorfchilbi-nb.ch\/?page_id=554"},"modified":"2019-05-13T20:15:07","modified_gmt":"2019-05-13T20:15:07","slug":"bierwagen","status":"publish","type":"page","link":"https:\/\/dorfchilbi-nb.ch\/?page_id=554","title":{"rendered":"Bierwagen"},"content":{"rendered":"<p><strong>Der Bierwagen ist der ultimative Treffpunkt f\u00fcr alle Chilbibesucher! W\u00e4hrend sich die Kinder auf dem Karussel oder an der Schiessbude vergn\u00fcgen, k\u00f6nnen die Mamis und Papis bei einem C\u00fcpli oder k\u00fchlen Bier mit alten Bekannten diskutieren. Gut gelauntes Personal, erstklassige Musik und die besten Hot Dogs der Welt warten auf jung, alt und ganz alt! Prost&#8230;<\/strong><\/p>\n<p><img loading=\"lazy\" decoding=\"async\" class=\"wp-image-930 aligncenter\" src=\"http:\/\/dorfchilbi-nb.ch\/wp-content\/uploads\/2019\/05\/bierwagen2-1024x577.jpg\" alt=\"\" width=\"355\" height=\"200\" srcset=\"https:\/\/dorfchilbi-nb.ch\/wp-content\/uploads\/2019\/05\/bierwagen2-1024x577.jpg 1024w, https:\/\/dorfchilbi-nb.ch\/wp-content\/uploads\/2019\/05\/bierwagen2-768x433.jpg 768w, https:\/\/dorfchilbi-nb.ch\/wp-content\/uploads\/2019\/05\/bierwagen2-350x197.jpg 350w, https:\/\/dorfchilbi-nb.ch\/wp-content\/uploads\/2019\/05\/bierwagen2-860x484.jpg 860w, https:\/\/dorfchilbi-nb.ch\/wp-content\/uploads\/2019\/05\/bierwagen2.jpg 1136w\" sizes=\"auto, (max-width: 355px) 100vw, 355px\" \/><br \/>\n<img loading=\"lazy\" decoding=\"async\" class=\"wp-image-931 aligncenter\" src=\"http:\/\/dorfchilbi-nb.ch\/wp-content\/uploads\/2019\/05\/bierwagen3-1024x768.jpg\" alt=\"\" width=\"355\" height=\"266\" srcset=\"https:\/\/dorfchilbi-nb.ch\/wp-content\/uploads\/2019\/05\/bierwagen3-1024x768.jpg 1024w, https:\/\/dorfchilbi-nb.ch\/wp-content\/uploads\/2019\/05\/bierwagen3-768x576.jpg 768w, https:\/\/dorfchilbi-nb.ch\/wp-content\/uploads\/2019\/05\/bierwagen3.jpg 1600w\" sizes=\"auto, (max-width: 355px) 100vw, 355px\" \/><br \/>\n<img loading=\"lazy\" decoding=\"async\" class=\"wp-image-929 aligncenter\" src=\"http:\/\/dorfchilbi-nb.ch\/wp-content\/uploads\/2019\/05\/bierwagen1-1024x577.jpg\" alt=\"\" width=\"355\" height=\"200\" srcset=\"https:\/\/dorfchilbi-nb.ch\/wp-content\/uploads\/2019\/05\/bierwagen1-1024x577.jpg 1024w, https:\/\/dorfchilbi-nb.ch\/wp-content\/uploads\/2019\/05\/bierwagen1-768x433.jpg 768w, https:\/\/dorfchilbi-nb.ch\/wp-content\/uploads\/2019\/05\/bierwagen1-350x197.jpg 350w, https:\/\/dorfchilbi-nb.ch\/wp-content\/uploads\/2019\/05\/bierwagen1-860x484.jpg 860w, https:\/\/dorfchilbi-nb.ch\/wp-content\/uploads\/2019\/05\/bierwagen1.jpg 1136w\" sizes=\"auto, (max-width: 355px) 100vw, 355px\" \/><\/p>\n","protected":false},"excerpt":{"rendered":"<p>Der Bierwagen ist der ultimative Treffpunkt f\u00fcr alle Chilbibesucher! W\u00e4hrend sich die Kinder auf dem Karussel oder an der Schiessbude vergn\u00fcgen, k\u00f6nnen die Mamis und Papis bei einem C\u00fcpli oder k\u00fchlen Bier mit alten Bekannten diskutieren. Gut gelauntes Personal, erstklassige Musik und die besten Hot Dogs der Welt warten auf jung, alt und ganz alt! <a class=\"more-link\" href=\"https:\/\/dorfchilbi-nb.ch\/?page_id=554\">Lesen Sie mehr &#8230;<\/a><\/p>\n","protected":false},"author":1,"featured_media":0,"parent":103,"menu_order":2,"comment_status":"closed","ping_status":"closed","template":"","meta":{"footnotes":""},"class_list":["post-554","page","type-page","status-publish","hentry"],"_links":{"self":[{"href":"https:\/\/dorfchilbi-nb.ch\/index.php?rest_route=\/wp\/v2\/pages\/554","targetHints":{"allow":["GET"]}}],"collection":[{"href":"https:\/\/dorfchilbi-nb.ch\/index.php?rest_route=\/wp\/v2\/pages"}],"about":[{"href":"https:\/\/dorfchilbi-nb.ch\/index.php?rest_route=\/wp\/v2\/types\/page"}],"author":[{"embeddable":true,"href":"https:\/\/dorfchilbi-nb.ch\/index.php?rest_route=\/wp\/v2\/users\/1"}],"replies":[{"embeddable":true,"href":"https:\/\/dorfchilbi-nb.ch\/index.php?rest_route=%2Fwp%2Fv2%2Fcomments&post=554"}],"version-history":[{"count":5,"href":"https:\/\/dorfchilbi-nb.ch\/index.php?rest_route=\/wp\/v2\/pages\/554\/revisions"}],"predecessor-version":[{"id":933,"href":"https:\/\/dorfchilbi-nb.ch\/index.php?rest_route=\/wp\/v2\/pages\/554\/revisions\/933"}],"up":[{"embeddable":true,"href":"https:\/\/dorfchilbi-nb.ch\/index.php?rest_route=\/wp\/v2\/pages\/103"}],"wp:attachment":[{"href":"https:\/\/dorfchilbi-nb.ch\/index.php?rest_route=%2Fwp%2Fv2%2Fmedia&parent=554"}],"curies":[{"name":"wp","href":"https:\/\/api.w.org\/{rel}","templated":true}]}}